Is 6803 prime?
True
Is 2129 composite?
False
Is 361379 a prime number?
False
Is 1597 prime?
True
Is 1073687 a prime number?
True
Is 13001 prime?
True
Is 121033 prime?
False
Is 1136287 composite?
False
Is 4127 a prime number?
True
Is 18295 a composite number?
True
Is 254593 a prime number?
True
Is 71405 prime?
False
Is 36493 prime?
True
Is 121787 composite?
False
Is 13235 a prime number?
False
Is 142619 a prime number?
True
Is 275635 a composite number?
True
Is 1327481 a composite number?
False
Is 30593 prime?
True
Is 4861 prime?
True
Is 8663 prime?
True
Is 149191 prime?
False
Is 1061 a prime number?
True
Is 2221 composite?
False
Is 96323 prime?
True
Is 11351 a composite number?
False
Is 5963 a composite number?
True
Is 28733 a composite number?
True
Is 14081 composite?
False
Is 618083 a composite number?
False
Is 4547 a composite number?
False
Is 3796645 a composite number?
True
Is 15217 a composite number?
False
Is 21247 composite?
False
Is 18329 a composite number?
False
Is 103357 a composite number?
False
Is 19983 a composite number?
True
Is 220795 composite?
True
Is 4258 a prime number?
False
Is 454911 a prime number?
False
Is 4290365 a composite number?
True
Is 5189 prime?
True
Is 46819 a composite number?
False
Is 11389 a prime number?
False
Is 2779 composite?
True
Is 39281 prime?
False
Is 44449 composite?
False
Is 310333 a prime number?
True
Is 100563 composite?
True
Is 365389 composite?
True
Is 33841 a composite number?
True
Is 4709 composite?
True
Is 25859 a prime number?
False
Is 11461 a composite number?
True
Is 19263 a prime number?
False
Is 135613 a prime number?
True
Is 19373 a prime number?
True
Is 10237 prime?
False
Is 15109 composite?
True
Is 44734 composite?
True
Is 36145 a prime number?
False
Is 525457 prime?
True
Is 5749 a composite number?
False
Is 62207 a prime number?
True
Is 88589 prime?
True
Is 57593 composite?
False
Is 479686 prime?
False
Is 484639 composite?
False
Is 7754 prime?
False
Is 3931159 composite?
False
Is 390007 composite?
True
Is 737 a composite number?
True
Is 1426487 composite?
True
Is 633359 a prime number?
True
Is 7867 a prime number?
True
Is 14387 composite?
False
Is 63401 a composite number?
True
Is 969031 composite?
True
Is 129871 a prime number?
False
Is 20337 prime?
False
Is 23381 composite?
True
Is 2581 prime?
False
Is 2333 a prime number?
True
Is 56843 prime?
True
Is 11213 prime?
True
Is 20089 composite?
False
Is 22641 composite?
True
Is 5433 a prime number?
False
Is 117037 prime?
True
Is 1912097 a prime number?
False
Is 1549183 prime?
True
Is 20153 a prime number?
False
Is 5723 composite?
True
Is 23969 a prime number?
False
Is 985598 a composite number?
True
Is 4007 prime?
True
Is 82301 prime?
True
Is 2503 composite?
False
Is 30427 a composite number?
False
Is 5057 composite?
True
Is 22957 composite?
True
Is 22622 composite?
True
Is 380503 prime?
True
Is 695549 prime?
False
Is 26539 composite?
False
Is 147027 prime?
False
Is 105761 composite?
False
Is 9733 a prime number?
True
Is 143449 a composite number?
True
Is 7711 composite?
True
Is 16253 a composite number?
False
Is 34841 composite?
False
Is 6081 composite?
True
Is 24239 prime?
True
Is 53359 prime?
True
Is 1583 a composite number?
False
Is 20189 prime?
False
Is 2557 a composite number?
False
Is 68717 a prime number?
False
Is 130481 prime?
False
Is 10427 a composite number?
False
Is 98123 prime?
True
Is 4739 a composite number?
True
Is 53581 a prime number?
False
Is 3386 a composite number?
True
Is 713 composite?
True
Is 101593 a prime number?
False
Is 156979 prime?
True
Is 106519 a prime number?
False
Is 238883 a prime number?
True
Is 379837 a prime number?
True
Is 181361 prime?
True
Is 25391 a composite number?
False
Is 87891 prime?
False
Is 1210673 composite?
True
Is 30477 a prime number?
False
Is 147493 prime?
False
Is 227011 composite?
False
Is 23269 a composite number?
False
Is 61441 prime?
True
Is 114407 composite?
False
Is 107329 a prime number?
False
Is 16293 a composite number?
True
Is 7949 a prime number?
True
Is 4987 a prime number?
True
Is 20903 prime?
True
Is 5873 a composite number?
True
Is 376529 a prime number?
True
Is 3518 a composite number?
True
Is 490979 prime?
False
Is 216317 composite?
False
Is 1821445 prime?
False
Is 163657 prime?
False
Is 1049 composite?
False
Is 6163 a prime number?
True
Is 7493249 a composite number?
False
Is 142271 prime?
True
Is 15685 prime?
False
Is 7321 a prime number?
True
Is 1344943 prime?
True
Is 2179 a composite number?
False
Is 37421 prime?
False
Is 3221 composite?
False
Is 92717 a prime number?
True
Is 6373 composite?
False
Is 13081 a composite number?
True
Is 45995 a prime number?
False
Is 19151 composite?
True
Is 3127 a prime number?
False
Is 13963 a composite number?
False
Is 270209 a prime number?
True
Is 17159 composite?
False
Is 715189 a prime number?
True
Is 17269 composite?
True
Is 386059 prime?
False
Is 103171 a composite number?
False
Is 11359 a composite number?
True
Is 150527 prime?
False
Is 88586 composite?
True
Is 54647 prime?
True
Is 769157 prime?
False
Is 300277 a prime number?
True
Is 1507513 composite?
True
Is 192773 composite?
True
Is 20411 a prime number?
True
Is 90169 a composite number?
True
Is 162209 composite?
False
Is 615389 a composite number?
False
Is 19121 a composite number?
False
Is 309391 prime?
True
Is 208733 prime?
False
Is 674563 a prime number?
True
Is 586169 prime?
False
Is 82129 a prime number?
True
Is 254189 composite?
True
Is 236603 a composite number?
True
Is 529973 a prime number?
True
Is 112121 prime?
True
Is 592991 composite?
True
Is 62201 composite?
False
Is 67169 composite?
False
Is 16934 a composite number?
True
Is 87883 prime?
False
Is 17059 prime?
False
Is 113177 a prime number?
True
Is 420029 a composite number?
False
Is 1733 composite?
False
Is 6259 a prime number?
False
Is 21161 prime?
False
Is 625649 a composite number?
True
Is 78653 prime?
True
Is 10181 prime?
True
Is 434293 a prime number?
True
Is 18709 composite?
True
Is 156955 composite?
True
Is 128697 prime?
False
Is 192773 prime?
False
Is 379123 a composite number?
False
Is 191 composite?
False
Is 6385 prime?
False
Is 16043 a composite number?
True
Is 7167 composite?
True
Is 15149 composite?
False
Is 30983 prime?
True
Is 91621 a prime number?
True
Is 1763 composite?
True
Is 29041 composite?
True
Is 176629 a prime number?
True
Is 8269 composite?
False
Is 34079 prime?
False
Is 29593 a prime number?
False
Is 593 composite?
False
Is 12049 composite?
False
Is 4103 prime?
False
Is 40301 a prime number?
False
Is 970831 a composite number?
True
Is 1962381 a prime number?
False
Is 87793 a composite number?
False
Is 155369 a prime number?
False
Is 131293 a composite number?
False
Is 800971 a prime number?
True
Is 25282 a prime number?
False
Is 56195 a composite number?
True
Is 1535857 a composite number?
False
Is 967087 prime?
False
Is 667606 composite?
True
Is 1327477 a prime number?
False
Is 175529 composite?
True
Is 194 a prime number?
False
Is 160117 a composite number?
False
Is 1816117 a composite number?
False
Is 2153 prime?
True
Is 6319 composite?
True
Is 77771 prime?
False
Is 50719 a prime number?
False
Is 123531 prime?
False
Is 11558 a composite number?
True
Is 1795597 prime?
False
Is 14909 a prime number?
False
Is 253 a composite number?
True
Is 219911 prime?
True
Is 1379017 a prime number?
True
Is 39293 composite?
False
Is 126439 prime?
False
Is 77199 a composite number?
True
Is 2767 a composite number?
False
Is 109357 a composite number?
False
Is 319097 prime?
True
Is 298261 composite?
False
Is 37751 prime?
False
Is 2521 composite?
False
Is 3630817 a composite number?
False
Is 26997 composite?
True
Is 68519 prime?
False
Is 29123 a composite number?
False
Is 5847 composite?
True
Is 37307 composite?
False
Is 318833 composite?
False
Is 6749 prime?
False
Is 12323 a composite number?
False
Is 20653 a prime number?
False
Is 396833 a composite number?
False
Is 803119 a prime number?
True
Is 6761 composite?
False
Is 1643 composite?
True
Is 515969 composite?
False
Is 2822847 prime?
False
Is 57881 a composite number?
False
Is 5471 a prime number?
True
Is 3593 a prime number?
True
Is 7493 composite?
True
Is 401113 a composite number?
False
Is 322769 a composite number?
False
Is 43194